hundreds digit of t?
1
Let a = 44 - 44. Suppose a = -3*o - 15, 3*g = -2*o + 14. What is the hundreds digit of (g - 5120/(-45)) + 4/18?
1
What is the ten thousands digit of (564/(-14) + 18/63)*58029/(-174)?
1
Let a(p) = -49*p**2 + 2*p. Let g be (-1)/(-3 - (-4 + 0)). Let s be a(g). What is the tens digit of 3 + (3 - s) - 2?
5
Suppose -202*b + 54237 + 13635 = 0. What is the hundreds digit of b?
3
Let q(a) be the second derivative of 183*a**5/20 + a**4/12 + 5*a**3/3 - 5*a**2 + 101*a. What is the units digit of q(1)?
4
Let z(t) = -2*t - 11. Let p(r) = r + 4. Let d(y) = -5*p(y) - 2*z(y). What is the units digit of d(-3)?
5
Suppose -h - y = -2*y - 22, 2*h - 40 = 3*y. Suppose -h*r = -22*r + 24. What is the units digit of (r/3)/(2/(-20))?
0
Let x = 37 + -48. Let i(k) = -3*k - 6. Let m be i(-9). Let g = m + x. What is the tens digit of g?
1
Let g(h) = -h**3 - 20*h**2 - 37*h - 13. Let p(i) = 2*i - 4. Let f be p(-7). Let w be g(f). Let s(t) = 8*t - 14. What is the units digit of s(w)?
6
Let z = -17 + 83. Suppose 4*v = -d - z, -4*v = 6*d - 7*d - 98. Let h = -76 - d. What is the units digit of h?
6
Let u be (2 + 0)*40/16. Let d = -876 - -1352. Suppose -3*v - 492 = -3*j, -2*j - u*v + d = j. What is the units digit of j?
2
Let b(a) = a**3 + 6*a**2 - 4*a + 3. Let y = 494 + -486. What is the units digit of b(y)?
7
Suppose -171*t - 716040 = -205*t. What is the thousands digit of t?
1
Let g = 427 - 521. Let t = 241 + g. What is the tens digit of t?
4
Let p = 23 + 7. Let j = 290 - p. What is the hundreds digit of j?
2
Let t = 42 + -46. Let a(d) = 5*d**3 + 3*d**2 + d - 4. Let b(w) = -4*w**3 - 3*w**2 - w + 3. Let g(z) = 3*a(z) + 4*b(z). What is the units digit of g(t)?
0
Suppose -18*p - 3 = -21*p, p = -4*d - 735. Let x = 477 - 192. Let a = d + x. What is the units digit of a?
1
Suppose 0 = -5*y + 5*z + 100765, 12*z - 14*z = -12. What is the ten thousands digit of y?
2
Let x = -302 + 327. Suppose 29*h - 8132 = x*h. What is the thousands digit of h?
2
Let i = -280 + 280. Suppose i = -4*z - 3*s + 689, 6*z = 3*z + 2*s + 521. What is the tens digit of z?
7
Let f(z) = -105*z**2 + 2*z + 1. Let d be f(-2). Let t = 226 + d. What is the hundreds digit of (t/6)/(16/(-96))?
1
Let d(r) = r**2 + r + 7. Let q(v) = -v**3 + 6*v**2 - 2*v + 5. Suppose -19 = -3*g - 3*a + 5, 0 = g - a - 4. Let c be q(g). What is the units digit of d(c)?
9
Let c = 901 - 440. Let g = 932 - c. What is the units digit of g?
1
What is the thousands digit of 2 - (2/(-12)*-3 + (-4749932)/88)?
3
Suppose -4*v = 2*v - 30744. Suppose -15*f + 21*f - v = 0. What is the hundreds digit of f?
8
Let u(r) = -r - 1. Let v(p) = -5*p**2 + 15*p - 32. Let j(w) = -2*u(w) - v(w). What is the hundreds digit of j(8)?
2
Let d(c) = -18339*c**2 + 18338*c**2 + 79 - c + 35*c. What is the hundreds digit of d(27)?
2
Let g(j) = j**3 + 80*j**2 - 161*j + 1074. What is the thousands digit of g(-81)?
7
Let y = 18733 - 11163. What is the units digit of y?
0
Suppose -25 = -3*v - 4*p, 3*p - 14 = v - 5. Suppose 4*z + 30 - 4 = 2*o, -v*z = -o + 22. What is the tens digit of (-228)/z - (2 + (-24)/9)?
2
Let v be 2*(-4 + (100/8)/1). Let j(q) = -617 - v*q + 625 - 13*q. What is the units digit of j(-4)?
8
Let g(q) = -4*q - 1. Let b = -28 - -29. Suppose -3*k + w - 7 = b, 2*w = -2*k + 8. What is the units digit of g(k)?
3
Suppose -2*q = o - 5608, 7*o - 8*o + 4*q = -5596. What is the thousands digit of o?
5
Let v(w) = -195*w - 1150. What is the thousands digit of v(-39)?
6
Let f be (-11)/((-44)/40)*5. Suppose 19*k = 24*k - f. What is the tens digit of (6 + 905/k)/(1/2)?
9
Let y be (2/(-4))/((-2)/16). Suppose -6 = x + 8*h - 12*h, -2*h + 6 = 0. Suppose -d - y*a = -x*a - 32, a = 5. What is the tens digit of d?
4
Let k(n) = 93*n - 6. Suppose 2 - 3 = -d, 0 = -5*u + 5*d + 20. What is the hundreds digit of k(u)?
4
Suppose -97*x + 108*x = 0. Suppose -14*l + 11*l + 5*k + 5483 = x, -4*l = 4*k - 7268. What is the hundreds digit of l?
8
Let p(t) = -13*t**3 - 9*t**2 + t + 9. Let b be p(-3). Let v = 468 - b. What is the units digit of v?
2
What is the ten thousands digit of 1302/(-9)*(-164052)/686?
3
Let u = 468 - 468. Let i(v) = 21*v + 841. What is the hundreds digit of i(u)?
8
Let s = -2993 - -71394. What is the thousands digit of s?
8
Let s(w) = w**2 - 17*w - w**2 + 7 - w**2. Let v = 479 - 489. What is the units digit of s(v)?
7
Let q(h) = h**3 + 10*h**2 + 4*h - 56. Let f be q(7). What is the units digit of (60/21)/(10/f)?
0
Suppose 8*j = 10*j. Suppose i + j = 12. Suppose 8*u = i*u - 332. What is the tens digit of u?
8
Let y(c) = 1239*c - 1504. What is the units digit of y(24)?
2
Let h(y) = 8*y - 11. Let c be h(2). Suppose 29 = -j + 3*x, -j - c*x = 23 - 2. Let w = j - -94. What is the tens digit of w?
6
Suppose 28*l - 14208 = 25*l + 4491. What is the hundreds digit of l?
2
Let f(j) = 164*j**2 + 7*j + 4. Let q(s) = -s - 1. Let n(l) = f(l) + 6*q(l). Let x be (-56)/(-35) - (-6)/(-10). What is the units digit of n(x)?
3
Suppose f - 26 = 20. Let x = f + -41. Suppose 0 = -x*d - 5*a + 185, d + 2*d + 4*a - 110 = 0. What is the tens digit of d?
3
Suppose 2*i + 22 = 2*b, -2*b - 27 = -3*b + 5*i. Suppose z + 564 = b*z. What is the units digit of z?
4
Let m = 78 + -60. Suppose -m*y + 7997 = 1661. What is the tens digit of y?
5
Let k = -124 - -140. Let u = 68 - k. What is the tens digit of u?
5
Suppose 2*c + 4*d = 8*d + 28, -4*c + 5*d = -59. Suppose -c*r = -21*r - 2505. What is the tens digit of -2*(-2)/(-12)*r?
6
Let t(q) = -17*q - 185. Let v be t(-39). Suppose 15*n - v = 14*n. What is the tens digit of n?
7
Let u(g) = -39*g**3 - 6*g**2 - 3*g + 95. What is the hundreds digit of u(-9)?
0
Suppose 26*n - 287 = -15*n. Suppose n*p = 14*p - 910. What is the units digit of p?
0
Let i(w) = 11*w**2 + w + 7. Suppose -7*t + 441 = -0*t. Let m = 66 - t. What is the hundreds digit of i(m)?
1
Let s = -12363 + 19683. What is the thousands digit of s?
7
Suppose 0 = -26*r + 27*r - s - 25, 2*r - 26 = -4*s. What is the units digit of 6/r + ((-294912)/(-42))/8?
8
Let i(l) = -3789*l - 9894. What is the ten thousands digit of i(-26)?
8
Let t(s) = 4*s**3 + 5*s**2 - 6*s + 5. Let k be t(4). Let b = k + -38. Suppose 4*d - 7*d + b = 0. What is the tens digit of d?
9
Let v = 66591 - 36276. What is the ten thousands digit of v?
3
Let l(n) = -1618*n - 258. What is the units digit of l(-2)?
8
Let l(h) be the third derivative of -1/6*h**3 - 1/8*h**4 + 7*h**2 + 1/15*h**5 + 0*h + 7/120*h**6 + 0. What is the tens digit of l(2)?
6
Suppose 196 - 184 = 4*s. Let w = 2214 - 1502. Suppose -s*d = 5*j - w, -2*d - 463 = -4*d - j. What is the tens digit of d?
2
Let u(f) = -3*f - 12. Let o(j) = -6*j - 24. Let y(g) = 3*o(g) - 7*u(g). Let p be y(-4). Suppose -d - 3*d + 112 = p. What is the units digit of d?
8
Suppose 12*x + 827 = -253. Let h = -86 - x. Suppose 716 = 4*v - h*q, v = q - 4*q + 171. What is the hundreds digit of v?
1
Let o = -1677 + 2790. Suppose 5*v - 37 - o = 0. What is the tens digit of v?
3
Let u = 738 - 169. Let j = u - -594. What is the thousands digit of j?
1
Let w(g) = 94*g + 251. What is the hundreds digit of w(99)?
5
Suppose -138*r + 33748 = -135*r - 5*l, l - 33718 = -3*r. What is the tens digit of r?
4
Let y(f) = 116*f + 2. Let n(l) = l**2 + 12*l + 12. Let d be n(-11). Let h be y(d). Suppose -5*v + 16 = -v, -2*t - v + h = 0. What is the tens digit of t?
5
Let u(z) = 855*z**2 - 17*z - 423*z**2 - 429*z**2 + 54. What is the hundreds digit of u(9)?
1
What is the hundreds digit of (-24)/9 + 3 - (-59134)/6?
8
Suppose 0 = -3*s - 157 + 10. Let d = s - -52. Suppose -d*p - 4*f + 308 = f, 2*f + 503 = 5*p. What is the units digit of p?
1
Let z(c) = c**3 + 5*c**2 + 40*c + 111. Let u be z(-3). What is the thousands digit of (-1192)/((u/15)/(18/(-20)))?
1
Let s = 11856 - -50015. What is the units digit of s?
1
Let y = -55 + 30. Let g = 35 + y. What is the tens digit of 3/(2/(4*g))?
6
Let f = 4041 + 8337. What is the tens digit of f?
7
Let f = -29752 - -50283. What is the hundreds digit of f?
5
Let n be 2 - (-5)/5 - -15. Suppose -n*w + 3795 + 1011 = 0. What is the units digit of w?
7
Suppose 8 = -2*c + 58. Let g = c - 33. What is the units digit of g + 5 - (-118 + 3)?
2
Let f = 3953 - -2525. What is the units digit of f?
8
Let b = 12 - 8. Suppose z + 36 = -4*a + 53, 5*a = -z + 20. Suppose b*x = 123 + z. What is th